pose -41 = -4*m + 131. Let g = 400 - 408. Let c = m + g. What is the greatest common divisor of c and 7?
7
Suppose 2*o = 57 + 7. Let k(b) = -b**3 + 9*b**2 - 4*b - 22. Let l be k(7). What is the highest common divisor of l and o?
16
Let b be 6/5 - 101920/(-400). Calculate the greatest common divisor of b and 32.
32
Let l = -88 + 110. Calculate the greatest common divisor of l and 341.
11
Suppose -c = -5*c + 412. Suppose 0 = -2*d - 2*z + c - 11, -4*d = -5*z - 148. Calculate the highest common divisor of 21 and d.
21
Let n(h) = -h**3 - h**2 - 2*h + 400. Let z be n(0). Calculate the greatest common divisor of 16 and z.
16
Suppose 17*v = -61 + 129. Calculate the highest common factor of v and 64.
4
Suppose 0 = 2*t - 46 - 0. Let q be (4 - t)/(2/(-16)). Calculate the greatest common factor of q and 19.
19
Suppose 0 = 2*m - 35 - 93. What is the greatest common divisor of 1216 and m?
64
Suppose 2*p = -3 + 99. Suppose 2*s + 27 - 37 = 0. Suppose s*m - h - 29 = 3*m, 4*m = h + 61. Calculate the highest common divisor of p and m.
16
Let h = -176 + 341. What is the greatest common divisor of h and 55?
55
Let w be (-22)/(-110) + (-29)/(-5). Calculate the highest common factor of w and 36.
6
Let u(k) = -13*k - 21. Let x be u(-3). Let z(b) = b**2 - 20*b + 63. Let r be z(x). What is the highest common divisor of 9 and r?
9
Let s(t) = t + 12. Let d be s(13). Let g be (-10)/d*(-30)/3. What is the greatest common factor of g and 32?
4
Let g(w) = w**2 + 5*w + 7. Let i be g(5). What is the greatest common divisor of 76 and i?
19
Let q = -4 - -12. Let p(b) = 2*b - 5. Let t be p(3). Calculate the highest common factor of q and t.
1
Suppose 3*p + 497 = 5*q, 0 = 4*q + q + 3*p - 503. What is the greatest common factor of q and 40?
20
Let o be ((-456)/40)/(-2*(-3)/(-30)). What is the highest common factor of 171 and o?
57
Let a(c) = 2*c - 4. Let d be a(4). Suppose -v = -4*v - p + 11, 2*v - 5*p + 21 = 0. Suppose -d*r = -v*r - 154. Calculate the greatest common divisor of r and 7.
7
Let j(n) = -2*n + 2. Let u be j(-19). What is the greatest common factor of u and 40?
40
Let h(j) be the third derivative of j**4/4 + 7*j**2. Let d be h(5). What is the highest common factor of 10 and d?
10
Let t(c) = 30*c + 6. Let w(r) = -6*r - 1. Let y(z) = 4*t(z) + 22*w(z). Let q be y(-1). Let n = q - -8. Calculate the highest common divisor of n and 33.
11
Let z(b) = -b**3 - b**2 + 39*b + 123. Let w be z(-7). What is the greatest common factor of 192 and w?
48
Let r be (2/4)/(2/16). Suppose -64 = -r*d + 2*d. Let o be (2 + 0/2)*4. Calculate the greatest common divisor of o and d.
8
Suppose -127 = -2*b - 335. Let c = -16 - b. Suppose 0 = -4*y - 2*j + 42, 0*j - 48 = -4*y + 4*j. Calculate the greatest common factor of y and c.
11
Suppose -3*o = 6, 6*j + 5*o - 3144 = 4*j. Suppose -j + 558 = -3*p - c, 0 = 3*c - 15. What is the highest common factor of p and 26?
26
Let v be 2/(-6)*(1 - 37). Let w(j) = -j - 5. Let g be w(-13). What is the highest common divisor of v and g?
4
Suppose -4*g - 44 = -2*a, 0*g + 4*a = g + 11. Let p(h) = -2*h - 10. Let s be p(g). What is the highest common divisor of 42 and s?
6
Let u(o) = 613*o + 14. Let l be u(1). What is the greatest common divisor of 33 and l?
33
Let g(h) = h**2 - 4*h - 7. Let l be g(6). Suppose -4*a + 111 = 3*s - 53, 5*s = l*a + 285. Calculate the greatest common factor of 84 and s.
28
Let c be (8/(-1))/(-4) - 0. Suppose 2 = c*g, 5*g + 131 = 2*n + 2*n. Calculate the highest common factor of 51 and n.
17
Let y(l) = 11*l**2 + 6*l + 11. Let x be y(-2). What is the greatest common divisor of x and 344?
43
Let t(n) = -2*n - 15. Let p be t(-8). Let z(q) = q**3 + 7*q**2 + 6*q + 5. Let v be z(-5). Suppose v + 11 = 4*l. What is the greatest common factor of l and p?
1
Let n = -37 + 103. Suppose 5*x + 2*f = 154, -2*x + 3*f = -4*x + n. Let a = 176 + 64. Calculate the highest common divisor of a and x.
30
Let o be (1/3)/(-1)*(-4344 + -21). What is the highest common divisor of o and 15?
15
Suppose 8*w - 753 = 1023. Calculate the greatest common factor of 18 and w.
6
Suppose 0 = -3*n, -6*q + 2*q - 4*n = -52. Let p = 14 - q. Suppose -11 + p = 2*l + 3*x, 2*x = -l - 7. Calculate the greatest common divisor of l and 3.
1
Suppose 6720 + 2970 = 17*d. What is the highest common divisor of 30 and d?
30
Let w(k) = k**3 + 43*k - 9 - 57*k + k**2 + 3*k**2. Let n be w(-6). Calculate the highest common divisor of 1 and n.
1
Suppose 326*a = 324*a + 34. What is the highest common divisor of a and 187?
17
Let t be (-4 - (-38)/10) + 48/(-10). Let s = t - -6. Calculate the greatest common factor of s and 3.
1
Let y(t) = -t**3 - t**2 + 6*t + 4. Let d be y(5). Let m = -74 - d. What is the highest common divisor of 105 and m?
21
Let b be 6/15 - (-624)/40. Suppose 0 = -11*k + b*k - 120. Calculate the greatest common factor of 16 and k.
8
Let k = -1551 + 1593. What is the highest common factor of k and 174?
6
Let y(a) = 8*a + a - a + 8 - 1. Suppose 4*l - 2 = 26. Let t be y(l). What is the highest common factor of 9 and t?
9
Let a(p) = -p**2 - 11*p - 6. Let b be a(-10). Suppose -17 + 61 = b*d. Suppose 3*v - 16 = d. What is the greatest common factor of v and 18?
9
Let d be (1 - 0)*(-112)/14. Let l = d + 8. Let z(v) = -v**2 + 2*v + 2. Let q be z(l). Calculate the greatest common factor of 2 and q.
2
Suppose 5*p - 108 = 2. Let g(y) = 23*y + 95. Let v be g(-4). Suppose v*w + 90 + 105 = 3*c, 0 = 2*w - 2. Calculate the greatest common divisor of p and c.
22
Let o(l) = -l**2 - 5*l - 40. Let f(n) = -4*n**2 - 16*n - 120. Let p(g) = 5*f(g) - 16*o(g). Let v be p(0). What is the greatest common divisor of v and 10?
10
Suppose -2 = -t + 2, 2*z + t - 92 = 0. What is the greatest common divisor of z and 671?
11
Let w(u) = 15*u. Let o(s) = 2*s + 85*s + 78*s. Let l(b) = -4*o(b) + 45*w(b). Let h be l(1). Calculate the greatest common divisor of 5 and h.
5
Let b(f) = 2*f**2 + 7*f + 0 + 4 - f. Let p be b(-4). Let w be 10/35 - 82/(-7). Calculate the highest common divisor of w and p.
12
Let l(y) = 45*y - 26. Let o(u) = -11*u + 7. Let m(v) = -2*l(v) - 9*o(v). Let j be m(4). What is the greatest common factor of j and 10?
5
Let o be (20/5)/(((-12)/3)/(-20)). What is the highest common divisor of o and 720?
20
Let b = 17 + -13. Suppose -v - 18 = -b*v. Let j = v + 2. Calculate the greatest common divisor of j and 4.
4
Let t = 313 - 306. Suppose -2*r - 7 - 125 = -2*q, -r - 3 = 0. Calculate the highest common divisor of q and t.
7
Let k = 451 + -191. Let v be 2/((-1)/k*-5). Suppose 2*m - 13 = 5*p + 8, 0 = 3*m - p - 38. Calculate the highest common divisor of m and v.
13
Let q = -219 - -373. Let s be ((-36)/(-15))/(-1*1/(-5)). Suppose 0 = 8*m + s - 124. What is the highest common factor of m and q?
14
Suppose -5*u - 90 = -14*u. Suppose -u*z - 48 = -14*z. What is the greatest common factor of z and 264?
12
Suppose g = 4*m - 5, -3*m - 4 = 2*g - 8*m. Calculate the greatest common factor of g and 6.
3
Let h be 3/(-5) - ((-276)/(-15))/(-4). Suppose a = -h*p + 44, a - 49 = p - 0*p. What is the highest common divisor of a and 6?
6
Suppose -19*g + 2682 - 60 = 0. Calculate the greatest common factor of g and 345.
69
Suppose -32*v + 476 = -25*v. Calculate the highest common factor of 442 and v.
34
Suppose 0 = -10*c + 105 + 45. Let x = -6 - -11. What is the highest common factor of x and c?
5
Let q(f) = 30*f - 3. Let o be 138/9 - 3/9. Suppose 0 = -3*l + o. Let z be q(l). Calculate the highest common factor of z and 21.
21
Suppose 3*k - 2 - 4 = 0. Suppose 4*b - k*z - 101 = -7*z, -z = -3*b + 71. Let x be b/2*(-405)/(-30). Calculate the greatest common factor of 18 and x.
18
Let w be 281/2 + (-2)/4. Let x = -7 + 63. Calculate the highest common factor of w and x.
28
Let d be (-314)/(-2) - (-300)/60. Calculate the highest common divisor of 216 and d.
54
Suppose 4*k + 293 = 85. Let y = 167 + k. Suppose -y = -u - 3. What is the greatest common divisor of u and 16?
16
Suppose -6 = -18*s + 17*s. Suppose -11 = -s*k + 55. What is the highest common divisor of k and 33?
11
Let r = -2767 + 2910. Calculate the greatest common factor of r and 231.
11
Suppose -6*z + 3*z + 63 = 0. Let j = 53 - -136. What is the greatest common divisor of z and j?
21
Let z be 4/(-3)*60/(-8). Suppose -6*i = -i + 24*f - 472, -3*f + 409 = 5*i. What is the gr